{"id":2088,"date":"2024-03-27T10:07:25","date_gmt":"2024-03-27T10:07:25","guid":{"rendered":"https:\/\/damianruiz.eu\/?page_id=2088"},"modified":"2024-03-27T10:07:25","modified_gmt":"2024-03-27T10:07:25","slug":"tractament-del-toc-trastorn-obsessiu-compulsiu","status":"publish","type":"page","link":"https:\/\/damianruiz.eu\/ca\/tractament-del-toc-trastorn-obsessiu-compulsiu\/","title":{"rendered":"Tractament del TOC (Trastorn Obsessiu Compulsiu)"},"content":{"rendered":"<p><span style=\"font-weight: 400;\">Aquest tractament psicol\u00f2gic es fonamenta en la cerca de factors desencadenants, circumst\u00e0ncies traum\u00e0tiques en la inf\u00e0ncia o l&#8217;adolesc\u00e8ncia ja siguin puntuals o esteses en el temps, o tamb\u00e9 un exc\u00e9s de sobreprotecci\u00f3 i control per part de la fam\u00edlia, que van poder generar un bloqueig en el desenvolupament de la personalitat i el car\u00e0cter del pacient deixant-li atrapat en la por, i\/o en la culpa, inhibint la seva espontane\u00eftat i generant una conducta sobreadaptada al mitj\u00e0. Una vida evitativa en lloc d&#8217;una vida activada per la voluntat i el desig.<\/span><\/p>\n<p><span style=\"font-weight: 400;\">Els diferents continguts o rituals obsessius s&#8217;analitzen de manera metaf\u00f2rica i no literal. Aquests continguts mai representen directament el que manifesten. \u00c9s a dir, la por de fer mal a alg\u00fa, per exemple, no \u00e9s un indicador d&#8217;agressivitat reprimida sin\u00f3 d&#8217;un exc\u00e9s irracional d&#8217;autocontrol.<\/span><\/p>\n<p><span style=\"font-weight: 400;\">Una vegada fet una profunda an\u00e0lisi de la personalitat i de la hist\u00f2ria del pacient passem a treballar sobre les possibilitats de desbloqueig de la inhibici\u00f3 amb propostes, pactades, d&#8217;activaci\u00f3 en la pr\u00f2pia realitat de la persona.<\/span><\/p>\n","protected":false},"excerpt":{"rendered":"<p>Aquest tractament psicol\u00f2gic es fonamenta en la cerca de factors desencadenants, circumst\u00e0ncies traum\u00e0tiques en la inf\u00e0ncia o l&#8217;adolesc\u00e8ncia ja siguin [&hellip;]<\/p>\n","protected":false},"author":3,"featured_media":0,"parent":0,"menu_order":0,"comment_status":"closed","ping_status":"closed","template":"","meta":{"_uag_custom_page_level_css":"","site-sidebar-layout":"no-sidebar","site-content-layout":"plain-container","ast-site-content-layout":"default","site-content-style":"default","site-sidebar-style":"default","ast-global-header-display":"","ast-banner-title-visibility":"","ast-main-header-display":"","ast-hfb-above-header-display":"","ast-hfb-below-header-display":"","ast-hfb-mobile-header-display":"","site-post-title":"disabled","ast-breadcrumbs-content":"","ast-featured-img":"disabled","footer-sml-layout":"","theme-transparent-header-meta":"default","adv-header-id-meta":"","stick-header-meta":"","header-above-stick-meta":"","header-main-stick-meta":"","header-below-stick-meta":"","astra-migrate-meta-layouts":"set","ast-page-background-enabled":"default","ast-page-background-meta":{"desktop":{"background-color":"var(--ast-global-color-4)","background-image":"","background-repeat":"repeat","background-position":"center center","background-size":"auto","background-attachment":"scroll","background-type":"","background-media":"","overlay-type":"","overlay-color":"","overlay-opacity":"","overlay-gradient":""},"tablet":{"background-color":"","background-image":"","background-repeat":"repeat","background-position":"center center","background-size":"auto","background-attachment":"scroll","background-type":"","background-media":"","overlay-type":"","overlay-color":"","overlay-opacity":"","overlay-gradient":""},"mobile":{"background-color":"","background-image":"","background-repeat":"repeat","background-position":"center center","background-size":"auto","background-attachment":"scroll","background-type":"","background-media":"","overlay-type":"","overlay-color":"","overlay-opacity":"","overlay-gradient":""}},"ast-content-background-meta":{"desktop":{"background-color":"var(--ast-global-color-5)","background-image":"","background-repeat":"repeat","background-position":"center center","background-size":"auto","background-attachment":"scroll","background-type":"","background-media":"","overlay-type":"","overlay-color":"","overlay-opacity":"","overlay-gradient":""},"tablet":{"background-color":"var(--ast-global-color-5)","background-image":"","background-repeat":"repeat","background-position":"center center","background-size":"auto","background-attachment":"scroll","background-type":"","background-media":"","overlay-type":"","overlay-color":"","overlay-opacity":"","overlay-gradient":""},"mobile":{"background-color":"var(--ast-global-color-5)","background-image":"","background-repeat":"repeat","background-position":"center center","background-size":"auto","background-attachment":"scroll","background-type":"","background-media":"","overlay-type":"","overlay-color":"","overlay-opacity":"","overlay-gradient":""}},"footnotes":""},"class_list":["post-2088","page","type-page","status-publish","hentry"],"yoast_head":"<!-- This site is optimized with the Yoast SEO plugin v27.5 - https:\/\/yoast.com\/product\/yoast-seo-wordpress\/ -->\n<title>Tractament del TOC (Trastorn Obsessiu Compulsiu) - Dami\u00e1n Ruiz<\/title>\n<meta name=\"robots\" content=\"index, follow, max-snippet:-1, max-image-preview:large, max-video-preview:-1\" \/>\n<link rel=\"canonical\" href=\"https:\/\/damianruiz.eu\/ca\/tractament-del-toc-trastorn-obsessiu-compulsiu\/\" \/>\n<meta property=\"og:locale\" content=\"ca_ES\" \/>\n<meta property=\"og:type\" content=\"article\" \/>\n<meta property=\"og:title\" content=\"Tractament del TOC (Trastorn Obsessiu Compulsiu) - Dami\u00e1n Ruiz\" \/>\n<meta property=\"og:description\" content=\"Aquest tractament psicol\u00f2gic es fonamenta en la cerca de factors desencadenants, circumst\u00e0ncies traum\u00e0tiques en la inf\u00e0ncia o l&#8217;adolesc\u00e8ncia ja siguin [&hellip;]\" \/>\n<meta property=\"og:url\" content=\"https:\/\/damianruiz.eu\/ca\/tractament-del-toc-trastorn-obsessiu-compulsiu\/\" \/>\n<meta property=\"og:site_name\" content=\"Dami\u00e1n Ruiz\" \/>\n<meta name=\"twitter:card\" content=\"summary_large_image\" \/>\n<meta name=\"twitter:label1\" content=\"Temps estimat de lectura\" \/>\n\t<meta name=\"twitter:data1\" content=\"1 minut\" \/>\n<script type=\"application\/ld+json\" class=\"yoast-schema-graph\">{\"@context\":\"https:\\\/\\\/schema.org\",\"@graph\":[{\"@type\":\"WebPage\",\"@id\":\"https:\\\/\\\/damianruiz.eu\\\/ca\\\/tractament-del-toc-trastorn-obsessiu-compulsiu\\\/\",\"url\":\"https:\\\/\\\/damianruiz.eu\\\/ca\\\/tractament-del-toc-trastorn-obsessiu-compulsiu\\\/\",\"name\":\"Tractament del TOC (Trastorn Obsessiu Compulsiu) - Dami\u00e1n Ruiz\",\"isPartOf\":{\"@id\":\"https:\\\/\\\/damianruiz.eu\\\/#website\"},\"datePublished\":\"2024-03-27T10:07:25+00:00\",\"breadcrumb\":{\"@id\":\"https:\\\/\\\/damianruiz.eu\\\/ca\\\/tractament-del-toc-trastorn-obsessiu-compulsiu\\\/#breadcrumb\"},\"inLanguage\":\"ca\",\"potentialAction\":[{\"@type\":\"ReadAction\",\"target\":[\"https:\\\/\\\/damianruiz.eu\\\/ca\\\/tractament-del-toc-trastorn-obsessiu-compulsiu\\\/\"]}]},{\"@type\":\"BreadcrumbList\",\"@id\":\"https:\\\/\\\/damianruiz.eu\\\/ca\\\/tractament-del-toc-trastorn-obsessiu-compulsiu\\\/#breadcrumb\",\"itemListElement\":[{\"@type\":\"ListItem\",\"position\":1,\"name\":\"Portada\",\"item\":\"https:\\\/\\\/damianruiz.eu\\\/ca\\\/\"},{\"@type\":\"ListItem\",\"position\":2,\"name\":\"Tractament del TOC (Trastorn Obsessiu Compulsiu)\"}]},{\"@type\":\"WebSite\",\"@id\":\"https:\\\/\\\/damianruiz.eu\\\/#website\",\"url\":\"https:\\\/\\\/damianruiz.eu\\\/\",\"name\":\"Dami\u00e1n Ruiz\",\"description\":\"Licenciado y Postgraduado en Psicolog\u00eda por la Universidad de Barcelona.\",\"publisher\":{\"@id\":\"https:\\\/\\\/damianruiz.eu\\\/#organization\"},\"potentialAction\":[{\"@type\":\"SearchAction\",\"target\":{\"@type\":\"EntryPoint\",\"urlTemplate\":\"https:\\\/\\\/damianruiz.eu\\\/?s={search_term_string}\"},\"query-input\":{\"@type\":\"PropertyValueSpecification\",\"valueRequired\":true,\"valueName\":\"search_term_string\"}}],\"inLanguage\":\"ca\"},{\"@type\":\"Organization\",\"@id\":\"https:\\\/\\\/damianruiz.eu\\\/#organization\",\"name\":\"Dami\u00e1n Ruiz\",\"url\":\"https:\\\/\\\/damianruiz.eu\\\/\",\"logo\":{\"@type\":\"ImageObject\",\"inLanguage\":\"ca\",\"@id\":\"https:\\\/\\\/damianruiz.eu\\\/#\\\/schema\\\/logo\\\/image\\\/\",\"url\":\"https:\\\/\\\/damianruiz.eu\\\/wp-content\\\/uploads\\\/2024\\\/04\\\/cropped-logo-2024-damian-ruiz-233.png\",\"contentUrl\":\"https:\\\/\\\/damianruiz.eu\\\/wp-content\\\/uploads\\\/2024\\\/04\\\/cropped-logo-2024-damian-ruiz-233.png\",\"width\":233,\"height\":60,\"caption\":\"Dami\u00e1n Ruiz\"},\"image\":{\"@id\":\"https:\\\/\\\/damianruiz.eu\\\/#\\\/schema\\\/logo\\\/image\\\/\"}}]}<\/script>\n<!-- \/ Yoast SEO plugin. -->","yoast_head_json":{"title":"Tractament del TOC (Trastorn Obsessiu Compulsiu) - Dami\u00e1n Ruiz","robots":{"index":"index","follow":"follow","max-snippet":"max-snippet:-1","max-image-preview":"max-image-preview:large","max-video-preview":"max-video-preview:-1"},"canonical":"https:\/\/damianruiz.eu\/ca\/tractament-del-toc-trastorn-obsessiu-compulsiu\/","og_locale":"ca_ES","og_type":"article","og_title":"Tractament del TOC (Trastorn Obsessiu Compulsiu) - Dami\u00e1n Ruiz","og_description":"Aquest tractament psicol\u00f2gic es fonamenta en la cerca de factors desencadenants, circumst\u00e0ncies traum\u00e0tiques en la inf\u00e0ncia o l&#8217;adolesc\u00e8ncia ja siguin [&hellip;]","og_url":"https:\/\/damianruiz.eu\/ca\/tractament-del-toc-trastorn-obsessiu-compulsiu\/","og_site_name":"Dami\u00e1n Ruiz","twitter_card":"summary_large_image","twitter_misc":{"Temps estimat de lectura":"1 minut"},"schema":{"@context":"https:\/\/schema.org","@graph":[{"@type":"WebPage","@id":"https:\/\/damianruiz.eu\/ca\/tractament-del-toc-trastorn-obsessiu-compulsiu\/","url":"https:\/\/damianruiz.eu\/ca\/tractament-del-toc-trastorn-obsessiu-compulsiu\/","name":"Tractament del TOC (Trastorn Obsessiu Compulsiu) - Dami\u00e1n Ruiz","isPartOf":{"@id":"https:\/\/damianruiz.eu\/#website"},"datePublished":"2024-03-27T10:07:25+00:00","breadcrumb":{"@id":"https:\/\/damianruiz.eu\/ca\/tractament-del-toc-trastorn-obsessiu-compulsiu\/#breadcrumb"},"inLanguage":"ca","potentialAction":[{"@type":"ReadAction","target":["https:\/\/damianruiz.eu\/ca\/tractament-del-toc-trastorn-obsessiu-compulsiu\/"]}]},{"@type":"BreadcrumbList","@id":"https:\/\/damianruiz.eu\/ca\/tractament-del-toc-trastorn-obsessiu-compulsiu\/#breadcrumb","itemListElement":[{"@type":"ListItem","position":1,"name":"Portada","item":"https:\/\/damianruiz.eu\/ca\/"},{"@type":"ListItem","position":2,"name":"Tractament del TOC (Trastorn Obsessiu Compulsiu)"}]},{"@type":"WebSite","@id":"https:\/\/damianruiz.eu\/#website","url":"https:\/\/damianruiz.eu\/","name":"Dami\u00e1n Ruiz","description":"Licenciado y Postgraduado en Psicolog\u00eda por la Universidad de Barcelona.","publisher":{"@id":"https:\/\/damianruiz.eu\/#organization"},"potentialAction":[{"@type":"SearchAction","target":{"@type":"EntryPoint","urlTemplate":"https:\/\/damianruiz.eu\/?s={search_term_string}"},"query-input":{"@type":"PropertyValueSpecification","valueRequired":true,"valueName":"search_term_string"}}],"inLanguage":"ca"},{"@type":"Organization","@id":"https:\/\/damianruiz.eu\/#organization","name":"Dami\u00e1n Ruiz","url":"https:\/\/damianruiz.eu\/","logo":{"@type":"ImageObject","inLanguage":"ca","@id":"https:\/\/damianruiz.eu\/#\/schema\/logo\/image\/","url":"https:\/\/damianruiz.eu\/wp-content\/uploads\/2024\/04\/cropped-logo-2024-damian-ruiz-233.png","contentUrl":"https:\/\/damianruiz.eu\/wp-content\/uploads\/2024\/04\/cropped-logo-2024-damian-ruiz-233.png","width":233,"height":60,"caption":"Dami\u00e1n Ruiz"},"image":{"@id":"https:\/\/damianruiz.eu\/#\/schema\/logo\/image\/"}}]}},"uagb_featured_image_src":{"full":false,"thumbnail":false,"medium":false,"medium_large":false,"large":false,"1536x1536":false,"2048x2048":false},"uagb_author_info":{"display_name":"miguel","author_link":"https:\/\/damianruiz.eu\/ca\/author\/miguel\/"},"uagb_comment_info":0,"uagb_excerpt":"Aquest tractament psicol\u00f2gic es fonamenta en la cerca de factors desencadenants, circumst\u00e0ncies traum\u00e0tiques en la inf\u00e0ncia o l&#8217;adolesc\u00e8ncia ja siguin [&hellip;]","_links":{"self":[{"href":"https:\/\/damianruiz.eu\/ca\/wp-json\/wp\/v2\/pages\/2088","targetHints":{"allow":["GET"]}}],"collection":[{"href":"https:\/\/damianruiz.eu\/ca\/wp-json\/wp\/v2\/pages"}],"about":[{"href":"https:\/\/damianruiz.eu\/ca\/wp-json\/wp\/v2\/types\/page"}],"author":[{"embeddable":true,"href":"https:\/\/damianruiz.eu\/ca\/wp-json\/wp\/v2\/users\/3"}],"replies":[{"embeddable":true,"href":"https:\/\/damianruiz.eu\/ca\/wp-json\/wp\/v2\/comments?post=2088"}],"version-history":[{"count":1,"href":"https:\/\/damianruiz.eu\/ca\/wp-json\/wp\/v2\/pages\/2088\/revisions"}],"predecessor-version":[{"id":2089,"href":"https:\/\/damianruiz.eu\/ca\/wp-json\/wp\/v2\/pages\/2088\/revisions\/2089"}],"wp:attachment":[{"href":"https:\/\/damianruiz.eu\/ca\/wp-json\/wp\/v2\/media?parent=2088"}],"curies":[{"name":"wp","href":"https:\/\/api.w.org\/{rel}","templated":true}]}}

<p><span style="font-weight: 400;">Aquest tractament psicològic es fonamenta en la cerca de factors desencadenants, circumstàncies traumàtiques en la infància o l&#8217;adolescència ja siguin puntuals o esteses en el temps, o també un excés de sobreprotecció i control per part de la família, que van poder generar un bloqueig en el desenvolupament de la personalitat i el caràcter del pacient deixant-li atrapat en la por, i/o en la culpa, inhibint la seva espontaneïtat i generant una conducta sobreadaptada al mitjà. Una vida evitativa en lloc d&#8217;una vida activada per la voluntat i el desig.</span></p>
<p><span style="font-weight: 400;">Els diferents continguts o rituals obsessius s&#8217;analitzen de manera metafòrica i no literal. Aquests continguts mai representen directament el que manifesten. És a dir, la por de fer mal a algú, per exemple, no és un indicador d&#8217;agressivitat reprimida sinó d&#8217;un excés irracional d&#8217;autocontrol.</span></p>
<p><span style="font-weight: 400;">Una vegada fet una profunda anàlisi de la personalitat i de la història del pacient passem a treballar sobre les possibilitats de desbloqueig de la inhibició amb propostes, pactades, d&#8217;activació en la pròpia realitat de la persona.</span></p>

<p>Aquest tractament psicològic es fonamenta en la cerca de factors desencadenants, circumstàncies traumàtiques en la infància o l&#8217;adolescència ja siguin [&hellip;]</p>

<!-- This site is optimized with the Yoast SEO plugin v27.5 - https://yoast.com/product/yoast-seo-wordpress/ -->
<title>Tractament del TOC (Trastorn Obsessiu Compulsiu) - Damián Ruiz</title>
<meta name="robots" content="index, follow, max-snippet:-1, max-image-preview:large, max-video-preview:-1" />
<link rel="canonical" href="https://damianruiz.eu/ca/tractament-del-toc-trastorn-obsessiu-compulsiu/" />
<meta property="og:locale" content="ca_ES" />
<meta property="og:type" content="article" />
<meta property="og:title" content="Tractament del TOC (Trastorn Obsessiu Compulsiu) - Damián Ruiz" />
<meta property="og:description" content="Aquest tractament psicològic es fonamenta en la cerca de factors desencadenants, circumstàncies traumàtiques en la infància o l&#8217;adolescència ja siguin [&hellip;]" />
<meta property="og:url" content="https://damianruiz.eu/ca/tractament-del-toc-trastorn-obsessiu-compulsiu/" />
<meta property="og:site_name" content="Damián Ruiz" />
<meta name="twitter:card" content="summary_large_image" />
<meta name="twitter:label1" content="Temps estimat de lectura" />
	<meta name="twitter:data1" content="1 minut" />
<script type="application/ld+json" class="yoast-schema-graph">{"@context":"https:\/\/schema.org","@graph":[{"@type":"WebPage","@id":"https:\/\/damianruiz.eu\/ca\/tractament-del-toc-trastorn-obsessiu-compulsiu\/","url":"https:\/\/damianruiz.eu\/ca\/tractament-del-toc-trastorn-obsessiu-compulsiu\/","name":"Tractament del TOC (Trastorn Obsessiu Compulsiu) - Damián Ruiz","isPartOf":{"@id":"https:\/\/damianruiz.eu\/#website"},"datePublished":"2024-03-27T10:07:25+00:00","breadcrumb":{"@id":"https:\/\/damianruiz.eu\/ca\/tractament-del-toc-trastorn-obsessiu-compulsiu\/#breadcrumb"},"inLanguage":"ca","potentialAction":[{"@type":"ReadAction","target":["https:\/\/damianruiz.eu\/ca\/tractament-del-toc-trastorn-obsessiu-compulsiu\/"]}]},{"@type":"BreadcrumbList","@id":"https:\/\/damianruiz.eu\/ca\/tractament-del-toc-trastorn-obsessiu-compulsiu\/#breadcrumb","itemListElement":[{"@type":"ListItem","position":1,"name":"Portada","item":"https:\/\/damianruiz.eu\/ca\/"},{"@type":"ListItem","position":2,"name":"Tractament del TOC (Trastorn Obsessiu Compulsiu)"}]},{"@type":"WebSite","@id":"https:\/\/damianruiz.eu\/#website","url":"https:\/\/damianruiz.eu\/","name":"Damián Ruiz","description":"Licenciado y Postgraduado en Psicología por la Universidad de Barcelona.","publisher":{"@id":"https:\/\/damianruiz.eu\/#organization"},"potentialAction":[{"@type":"SearchAction","target":{"@type":"EntryPoint","urlTemplate":"https:\/\/damianruiz.eu\/?s={search_term_string}"},"query-input":{"@type":"PropertyValueSpecification","valueRequired":true,"valueName":"search_term_string"}}],"inLanguage":"ca"},{"@type":"Organization","@id":"https:\/\/damianruiz.eu\/#organization","name":"Damián Ruiz","url":"https:\/\/damianruiz.eu\/","logo":{"@type":"ImageObject","inLanguage":"ca","@id":"https:\/\/damianruiz.eu\/#\/schema\/logo\/image\/","url":"https:\/\/damianruiz.eu\/wp-content\/uploads\/2024\/04\/cropped-logo-2024-damian-ruiz-233.png","contentUrl":"https:\/\/damianruiz.eu\/wp-content\/uploads\/2024\/04\/cropped-logo-2024-damian-ruiz-233.png","width":233,"height":60,"caption":"Damián Ruiz"},"image":{"@id":"https:\/\/damianruiz.eu\/#\/schema\/logo\/image\/"}}]}</script>
<!-- / Yoast SEO plugin. -->

Tractament del TOC (Trastorn Obsessiu Compulsiu) - Damián Ruiz

Aquest tractament psicològic es fonamenta en la cerca de factors desencadenants, circumstàncies traumàtiques en la infància o l&#8217;adolescència ja siguin [&hellip;]

Damián Ruiz

Licenciado y Postgraduado en Psicología por la Universidad de Barcelona.
